= -3*m - 0*m. What is o(h)?
3
Let s(u) = -u - 54. Let m be s(0). Let d = 56 + m. Let t(k) = -5*k**2 - k. Calculate t(d).
-22
Let n(s) = -11 + 0*s + 114*s**3 - 9*s**2 + 12*s - 113*s**3. Determine n(8).
21
Let r(z) = -4 - 73*z + 76*z + 1. Let p(o) = 2*o - 10. Let l be p(6). Give r(l).
3
Let s(v) = 3*v**3 + 7*v**2 - 7*v + 11. Suppose -g = -2*g + 7. Let p(t) = -t**3 - 2*t**2 + 2*t - 4. Let c(o) = g*p(o) + 2*s(o). What is c(0)?
-6
Let w(f) = 3*f**3 - 33*f**2 + 23*f - 11. Let z(t) = t**3 - 11*t**2 + 8*t - 4. Let v(l) = -2*w(l) + 7*z(l). Give v(10).
-6
Let i(h) = h**3 + 3*h**2 - 5*h - 3. Let j = 95 - 198. Let g = j + 99. Give i(g).
1
Let y(f) = 3*f + 1. Let g(w) = 11*w + 4. Let b(q) = -2*g(q) + 7*y(q). Let n(c) = c**2 + 3*c + 4. Let d(i) = -4*b(i) - n(i). Let x be (6/(-8))/(1/4). Give d(x).
-12
Suppose -18 = -4*n - 6. Suppose 2*a + 4*q + 24 = 4*a, 5*a - 5*q - 35 = 0. Let r(g) = -2 - a*g + 0 + 2*g - 3*g. Determine r(n).
-11
Let z(v) = 25*v - 85*v + 34*v + 23*v + 4. Suppose -5*f - 8 = -23. What is z(f)?
-5
Suppose 0 = 2*i - 41 + 21. Let h(b) = 2*b - 45 + 70 - 34. What is h(i)?
11
Let i(u) = -2*u - 36. Let x be i(-12). Let s(l) = 3*l + 28. Give s(x).
-8
Let y(c) = c - 5. Let q be y(0). Let t(b) = b**3 + 5*b**2 + b + 10. Let x be t(q). Suppose 15 = -x*k - 0*k. Let j(u) = u - 4. Calculate j(k).
-7
Let m(o) = o**2 - 4*o**2 - 14 + o**2 + 5 + 4*o - 10*o. Give m(-2).
-5
Let p(o) be the second derivative of -o**4/12 + 3*o**3/2 + 2*o**2 + 62*o - 2. Calculate p(9).
4
Let o(d) be the third derivative of d**5/60 - d**4/6 - d**3/6 - d**2. Suppose 0 = 2*s + 4*g - 26, 3*s - 30 = -7*g + 13. Calculate o(s).
4
Suppose 0 = -7*f + 2*f - 210. Let n = f - -39. Let j(q) be the second derivative of -q**5/20 - q**4/4 - q**3/2 - q**2/2 - 2*q. Calculate j(n).
8
Let b(r) be the first derivative of -3/2*r**2 - 6 + 3*r. Calculate b(3).
-6
Let a(q) be the second derivative of -q**3/6 + 98*q. Let b = -8 + 13. Let u = b + -11. Determine a(u).
6
Let a(d) = -d - 10. Let m = 49 - 77. Let n = m + 22. Calculate a(n).
-4
Let a(o) = -o**3 + 7 + 6*o**2 - 62*o + 55*o - 1. Give a(5).
-4
Suppose 4*y - y = 3*l - 12, 16 = y + 4*l. Let g(d) = 59 + 433*d**2 - 61 - 434*d**2. What is g(y)?
-2
Suppose 0 = 610*p - 617*p + 21. Let f(o) be the third derivative of 0*o + 1/40*o**6 + 1/15*o**5 + 11*o**2 + 1/3*o**p + 0 + 1/6*o**4. Give f(-2).
-14
Let y(d) = d - 11. Let j = 146 + -136. What is y(j)?
-1
Let j(f) = -f**2 - 4*f + 1. Suppose 0*w = 2*w + 10. Let x be j(w). Let o(u) be the third derivative of -u**4/12 - 5*u**3/6 - 80*u**2. What is o(x)?
3
Let w be 99/18 - 2/(-4). Let z be (-2 + -2)*w/(-8). Let r(y) = -y + 1 - y**2 + z*y**2 - 7*y + 4*y. Give r(3).
7
Let d(t) = t - 1. Suppose 8*s - 9*s + 1 = 0. Suppose -4*n + s = -3. Give d(n).
0
Let r(d) = -d - 427*d**2 + 850*d**2 + 24 - 424*d**2. Calculate r(-7).
-18
Suppose 2*j = 5*c + 5 + 38, 4*j - 5*c = 101. Suppose j = -5*m + 4. Let i = 10 + m. Let l(d) = d**3 - 5*d**2 - d + 3. Give l(i).
-2
Let f(g) be the second derivative of -3*g**5/20 - g**4/12 + g**3/2 - g**2/2 + 11*g - 30. Determine f(1).
-2
Let l(m) = -m**2 - 6*m + 9. Let j be l(-7). Suppose 44 = 4*a - 3*c - 2*c, -4*a = c - 20. Let x = j - a. Let u(t) = t**3 + 4*t**2 - t - 3. Give u(x).
1
Let q(l) be the second derivative of -1/2*l**3 + 0 + 1/6*l**4 + 4*l + 1/2*l**2. Calculate q(4).
21
Let p(t) be the second derivative of t**3/3 + t**2 + 4*t. Let c = -316 + 313. Determine p(c).
-4
Let y(q) be the first derivative of q**2/2 + 16*q - 253. Calculate y(-14).
2
Suppose -i = 4*k - 16, 3*i + i + 26 = 2*k. Let l(w) be the second derivative of k*w - 1/3*w**3 + 0 - 3/2*w**2. Determine l(-4).
5
Let r be -5*(40/(-100))/((-3)/(-3)). Let f(k) = 2*k**3 + k + 2*k + 1 - 2. Calculate f(r).
21
Let v(q) = q. Let w(x) = 2*x - 2. Let n(h) = 3*v(h) - w(h). Determine n(3).
5
Suppose 11*b = 4*b. Let f(u) = b*u - 15 + 19 - u. Give f(0).
4
Let m = 4 - -1. Let x(d) = -d**2 - d. Let h be x(0). Let l(v) = 7 + 7 - v**2 + 5*v + h*v**2 - 13. Calculate l(m).
1
Let x(i) be the second derivative of -i**4/4 - i**3/3 + 2*i + 118. What is x(-3)?
-21
Let w(r) = -r. Let i(f) = -2*f - 16. Let x(h) = h + 8. Let q(t) = 3*i(t) + 5*x(t). Let z(d) = q(d) - 2*w(d). Calculate z(0).
-8
Let j(l) be the second derivative of l**3/6 - l**2/2 - 8*l. Let n(s) = 6*s - 5. Let m(y) = -12*j(y) + 3*n(y). Calculate m(4).
21
Let x(s) = -47*s. Let k be x(1). Let h = 68 + k. Let v(q) = 10*q - h*q - 14 + 12*q. Give v(6).
-8
Let g(p) = p**2 + 17*p + 2. Let i be g(-17). Let s(m) = -37 + m - m**i + 37. What is s(3)?
-6
Let v(f) = -6*f**2 - f. Let t(j) = -14*j**2 - 10*j - 15. Let k(m) = t(m) - 2*v(m). Determine k(-6).
-39
Let f(g) = 3*g**2 - 61*g - 192. Let j be f(-3). Let k(c) = c**3 - 19*c**2 + 18*c - 3. Calculate k(j).
-3
Let g(y) be the second derivative of -y**4/6 - 3*y**3/2 + 223*y. Determine g(-7).
-35
Let c(s) = s**3 + 4*s - s**2 - 10 + 2 + 8*s**2. Let y be (-5)/15*(-22 - (-6)/(-3)). Suppose -20 + y = 2*g. Give c(g).
4
Let c(x) = -5*x. Let v be c(-1). Suppose -o - 2*b = 6 + 1, -v*o - 11 = 4*b. Let i(d) = -1 + 8*d - 6*d + o. Give i(2).
4
Let p(u) be the second derivative of u**4/12 + u**3/2 - u**2 + u. Suppose -4*g + 8*g = 8. Let y be 2 + (-4 - (g + -6)). Calculate p(y).
8
Let r(k) = 82 - 164 + 85 + 5*k - 4*k. Calculate r(5).
8
Let p(n) = 10*n - 65. Let r be p(6). Let o(a) = a**2 + 4*a + 7. Calculate o(r).
12
Let q(f) = -2*f**3 - 2*f**2 + 1. Let t(c) = -9*c**3 - 7*c**2 + 16. Let z(h) = 4*q(h) - t(h). Give z(0).
-12
Let m(r) = 7*r - 2. Let x be (4 - (-8)/(-3))*-9. Let o = -6 - x. Suppose -2*j = j + o. Calculate m(j).
-16
Suppose m + z - 1 = 2*z, 2*z = 0. Let s(p) = p + 1. Let c(d) = 6*d - 2. Let r(v) = m*c(v) + s(v). Calculate r(1).
6
Let m(d) = 0*d + 2 - 3*d + 1 + 4*d. Suppose 0 = 6*j - 21 - 3. Suppose j*f - 4 - 16 = 0. Give m(f).
8
Let t be (2/10)/((-36)/(-60))*-9. Let x(n) be the first derivative of n**4/4 + 4*n**3/3 + 5*n**2/2 + 4*n - 2. Calculate x(t).
-2
Let b(g) = -g**3 + 9*g**2 - 5*g + 2. Let p = -26 - -25. Let u(v) = -v**2 + v. Let h(t) = p*b(t) - 5*u(t). Suppose -4*q = -2*q - 8. Calculate h(q).
-2
Let o(i) = -i**2 + 16 - 7*i**2 - 8*i**2 + i**3 - 30 + 36 + 17*i. What is o(15)?
52
Let u = 3 + 4. Let g(p) = p**2 + 4*p - 4. Let v(t) = 2*t**2 + 7*t - 7. Let f(o) = u*g(o) - 3*v(o). Give f(-6).
-13
Let t(p) be the first derivative of -5 + 1/12*p**4 + 4*p - 5/2*p**2 - p**3. Let k(x) be the first derivative of t(x). What is k(7)?
2
Let f(w) = 6*w + 5. Let j(y) = y + 2. Let m be 1*(1 + -2)/1. Let x(z) = m*f(z) + 3*j(z). What is x(-8)?
25
Let m(y) = -y. Let s(q) = 3*q. Let l(w) = 10*m(w) + 4*s(w). Suppose -5*j + 54 = -31. Let c = -19 + j. Calculate l(c).
-4
Suppose -3*u + 2 = o + 3, -13 = -u + 3*o. Let g(k) = -3*k - k**2 + 0*k + 7*k + 2 - u. Let j = 7 + -2. Give g(j).
-4
Let n(v) = -2*v - 1. Let a(b) = 11*b - 6. Let u(s) = a(s) + 5*n(s). What is u(14)?
3
Let a(n) = n**2 - 6. Suppose 0*t = -3*t + 48. Suppose 3*p - t = -0*p - 5*b, -5*b = -10. Suppose 0 = -f + p*f. What is a(f)?
-6
Let v be ((-3)/(-9))/(1/21). Suppose -v*l = -12*l + 15. Let z(c) = 5*c - 13*c**3 + 5 - 5*c**2 + 1 - 3 + 12*c**l. Calculate z(-6).
9
Let a = -2136 - -2144. Let f(h) = h**2 - 10*h + 10. Determine f(a).
-6
Let p(n) = -n + 3. Suppose 0*j = -j + 2*j. Let a be p(j). Let k(g) = 3*g. What is k(a)?
9
Let s = 55 + -53. Let a(x) = 4*x - x - 13*x**2 + s + 18*x**2 - 1. Suppose k = -z - 5, -k + 7 = -0*k - 3*z. Calculate a(k).
15
Let j(m) = -m**2 - 6*m - 13. Let t(u) = u**2 + 5*u + 14. Let r(n) = 3*j(n) + 2*t(n). Calculate r(-8).
-11
Let i = -18 - -21. Suppose 2*r + 7*z - 3*z + 8 = 0, 0 = -4*z - 12. Let j(s) = i*s - 4*s**2 + 2 - 1 - 9*s + 3*s**r. What is j(-7)?
-6
Let i(n) = 137 - 4*n**3 - 136 + 7*n**3 - 2*n**2. Give i(1).
2
Let g(u) = -11 + 5 + 2*u - 350*u**2 + 349*u**2. What is g(0)?
-6
Let w be 8/(-12) - (-68)/3. Suppose 6*r - w = -4. Let m(x) = x**2 - 4*x + 2. Give m(r).
-1
Suppose -2*l + 10 + 6 = 0. Let h be (-1 + l)*180/42. Suppose -h = -0*m + 5*m. Let f(w) = w + 11. What is f(m)?
5
Let i(a) = -a**3 + 9*a**2 + 5*a + 10. Let y(f) = -f**3 + f**2 - f + 1. Let h(n) = -i(n) + 2*y(n). Let v = 22 - 28. Calculate h(v).
-2
Let t = -30 + -32. Let y = -68 - t. Let p(j) = -3*j - 5. What is p(y)?
13
Suppose 26*q = 20*q - 42. Let u(f) = -9*f - 57. Give u(q).
6
Suppose -14*a - 10 + 66 = 0. Let o(y) be the third d